{"id":17535,"date":"2017-09-25T15:21:21","date_gmt":"2017-09-25T13:21:21","guid":{"rendered":"http:\/\/weingut-dona.com\/prod\/press\/"},"modified":"2017-09-25T15:21:21","modified_gmt":"2017-09-25T13:21:21","slug":"press","status":"publish","type":"page","link":"https:\/\/weingut-dona.com\/prod\/en\/press\/","title":{"rendered":"Press"},"content":{"rendered":"<div class=\"wpb-content-wrapper\"><p>[vc_row css_animation=&#8220;&#8220; row_type=&#8220;row&#8220; use_row_as_full_screen_section=&#8220;no&#8220; type=&#8220;grid&#8220; angled_section=&#8220;no&#8220; text_align=&#8220;left&#8220; background_image_as_pattern=&#8220;without_pattern&#8220;][vc_column][vc_column_text]<\/p>\n<h2 style=\"text-align: center;\">Newsworthy of\u00a0the winery\u00a0Weingut don\u00e0<\/h2>\n<p>&nbsp;<\/p>\n<p style=\"text-align: center;\">Events, awards, articles\u00a0in the\u00a0Press, Information about the winery\u00a0&#8230;<br \/>\nLearn more about the Winery\u00a0Weingut don\u00e0.<\/p>\n<p>&nbsp;<\/p>\n<p style=\"text-align: center;\">Besuchen Sie uns regelm\u00e4\u00dfig. Wir w\u00fcrden uns freuen.<\/p>\n<p>&nbsp;<\/p>\n<p style=\"text-align: center;\">Familie Don\u00e0<\/p>\n<p>&nbsp;<br \/>\n[\/vc_column_text][vc_empty_space height=&#8220;50&#8243;][\/vc_column][\/vc_row][vc_row css_animation=&#8220;&#8220; row_type=&#8220;row&#8220; use_row_as_full_screen_section=&#8220;no&#8220; type=&#8220;grid&#8220; angled_section=&#8220;no&#8220; text_align=&#8220;left&#8220; background_image_as_pattern=&#8220;without_pattern&#8220;][vc_column][vc_basic_grid post_type=&#8220;post&#8220; max_items=&#8220;10&#8243; item=&#8220;17470&#8243; grid_id=&#8220;vc_gid:1489071893850-588d987e-b73d-8&#8243;][\/vc_column][\/vc_row]<\/p>\n<\/div>","protected":false},"excerpt":{"rendered":"<p>[vc_row css_animation=&#8220;&#8220; row_type=&#8220;row&#8220; use_row_as_full_screen_section=&#8220;no&#8220; type=&#8220;grid&#8220; angled_section=&#8220;no&#8220; text_align=&#8220;left&#8220; background_image_as_pattern=&#8220;without_pattern&#8220;][vc_column][vc_column_text] Newsworthy of\u00a0the winery\u00a0Weingut don\u00e0 &nbsp; Events, awards, articles\u00a0in the\u00a0Press, Information about the winery\u00a0&#8230; Learn more about the&#8230;<\/p>\n","protected":false},"author":2,"featured_media":0,"parent":0,"menu_order":0,"comment_status":"closed","ping_status":"closed","template":"full_width.php","meta":{"footnotes":""},"publishpress_future_action":{"enabled":false,"date":"1970-01-01 01:00:00","action":"","terms":[],"taxonomy":"","browser_timezone_offset":0},"_links":{"self":[{"href":"https:\/\/weingut-dona.com\/prod\/wp-json\/wp\/v2\/pages\/17535"}],"collection":[{"href":"https:\/\/weingut-dona.com\/prod\/wp-json\/wp\/v2\/pages"}],"about":[{"href":"https:\/\/weingut-dona.com\/prod\/wp-json\/wp\/v2\/types\/page"}],"author":[{"embeddable":true,"href":"https:\/\/weingut-dona.com\/prod\/wp-json\/wp\/v2\/users\/2"}],"replies":[{"embeddable":true,"href":"https:\/\/weingut-dona.com\/prod\/wp-json\/wp\/v2\/comments?post=17535"}],"version-history":[{"count":1,"href":"https:\/\/weingut-dona.com\/prod\/wp-json\/wp\/v2\/pages\/17535\/revisions"}],"predecessor-version":[{"id":17536,"href":"https:\/\/weingut-dona.com\/prod\/wp-json\/wp\/v2\/pages\/17535\/revisions\/17536"}],"wp:attachment":[{"href":"https:\/\/weingut-dona.com\/prod\/wp-json\/wp\/v2\/media?parent=17535"}],"curies":[{"name":"wp","href":"https:\/\/api.w.org\/{rel}","templated":true}]}}