{"id":17290,"date":"2017-03-06T07:56:05","date_gmt":"2017-03-06T06:56:05","guid":{"rendered":"http:\/\/weingut-dona.com\/prod\/privacy\/"},"modified":"2021-12-28T14:46:27","modified_gmt":"2021-12-28T13:46:27","slug":"privacy","status":"publish","type":"page","link":"https:\/\/weingut-dona.com\/prod\/it\/privacy\/","title":{"rendered":"Privacy"},"content":{"rendered":"<p>Ai sensi dell\u2019art. 13, Dlgs 30 giugno 2003 nr. 196, INFORMIAMO che weingut don\u00e0 tratta dati personali di clienti e fornitori e di soggetti che comunicano volontariamente (telefonicamente o via fax o via e-mail) i loro dati anagrafici al nostro ufficio commerciale o alla nostra direzione aziendale, e di soggetti i cui dati sono stati raccolti presso terzi in occasione, ad esempio, di operazione di acquisizione di dati esterni per informazioni commerciali, elenchi pubblici ecc., nell\u2019ultimo caso trattasi esclusivamente di dati personali di natura comune.<\/p>\n<p>La nostra societ\u00e1 garantisce nell\u2019ambito delle previsioni normative che il trattamento dei dati personali si svolge nel rispetto dei diritti e delle libert\u00e1 fondamentali, nonch\u00e9 della dignit\u00e1 dell\u2019interessato, con particolare riferimento alla riservatezza, all\u2019identit\u00e1 personale e al diritto alla protezione dei dati personali.<\/p>\n<p>Finalit\u00e0 del trattamento:<\/p>\n<ul>\n<li>adempiere agli obblighi di legge, dai regolamenti, dalla normativa comunitaria, da norme civilistiche e fiscali<\/li>\n<li>adempiere agli eventuali obblighi contrattuali nei confronti del interessato<\/li>\n<li>adempiere ad attivit\u00e1 connesse all\u2019attivit\u00e1 economica della nostra societ\u00e1, come compilazione delle anagrafiche e statistiche interne, per la fatturazione, la tenuta della conablit\u00e1 clienti-fornitori<\/li>\n<li>finalit\u00e0 di tipo commerciale, come invio di informazioni commerciali e materiale pubblicitario (via posta, fax ed e-mail), di marketing e ricerche di mercato<\/li>\n<li>la tutela dei crediti e la gestione dei debiti<\/li>\n<li>finalit\u00e0 assicurative, in particolare per assicurazioni crediti<\/li>\n<\/ul>\n<p>In relazione alle finalit\u00e0 di cui sopra i Suoi dati personali verranno comunicati se necessario:<\/p>\n<ul>\n<li>alle Pubbliche Amministrazioni ed Autorit\u00e0, ove previsto dalla legge<\/li>\n<li>ad Istituti di credito con i quali la ns. ditta ha rapporti per la gestione dei crediti\/debiti e l\u2019intermediazione finanziaria<\/li>\n<li>a tutte quelle persone fisiche e\/o giuridiche, pubbliche e\/o private (studi di consulenza legale, amministrativa e fiscale, uffici giudiziari, amere di Commercio ecc.), quando la comunicazione risulti necessaria o funzionale allo svolgimento dell a nostra attivit\u00e1 e nei modi e per le finalit\u00e1 sopra elencate<\/li>\n<li>vettore<\/li>\n<\/ul>\n<p>I dati personali trattati dalla nostra societ\u00e1 non sono soggetti a diffusione.<\/p>\n<p>Il trattamento potr\u00e0 effettuarsi con o senza l\u2019ausilio di mezzi elettronici e comunque automatizzati e comprender\u00e0 tutte le operazioni previste all\u2019art. 4 comma 1, lettera a, Dlgs 30 giugno 2003 nr. 196 e necessarie al trattamento in questione. Comunque il trattamento sar\u00e1 effettuato nell\u2019osservanza di ogni misura cautelativa, che ne garantisca la sicurezza e la riservatezza.<\/p>\n<p>Il Codice della Privacy conferisce agli interessati l\u2019esercizio di specifici diritti di cui all\u2019art. 7. In particolare pu\u00f3 ottenere dal titolare la conferma dell\u2019esistenza o meno di propri dati personali che lo riguardano e la loro comunicazione in forma intelligibile. L\u2019interessato pu\u00f3 altres\u00ed chiedere di conoscere l\u2019origine dei dati, le finalit\u00e1 e modalit\u00e0 del trattamento nonch\u00e9 la logica applicato in caso trattamento effettuato con l\u2019ausilio di strumenti elettronici, l\u2019identificazione degli estremi identificativi del titolare, dei responsabili nominati e dei soggetti e categorie di soggetti ai quali i dati possono essere comunicati o che possono venire a conoscenza.<\/p>\n<p>L\u2019interessato ha il diritto di ottenere l\u2019aggiornamento, la rettificazione, l\u2019integrazione, la cancellazione, la trasformazione in via anonima o il blocco dei dati trattati in violazione di legge. L\u2019interessato ha diritto di opporsi, in tutto o in parte, per motivi legittimi al trattamento dei dati personali che lo riguardano, ancorch\u00e9 pertinenti allo scopo della raccolta, e senza motivo al trattamento che lo riguarda a fini di invio di materiale pubblicitario o di vendita diretta o per il compimento di ricerche di mercato o di comunicazione commerciale. I diritti in oggetto possono essere esercitati, anche per il tramite di un incaricato, mediante richiesta rivolta al responsabile nominato Hansj\u00f6r Don\u00e0, Riva di sotto 73, 39057 Appiano, con lettera raccomandata o e-mail all\u2019indirizzo: <a href=\"mailto:info@weingut-dona.com\">info@weingut-dona.com<\/a><\/p>\n<p>Il titolare del trattamento in oggetto \u00e8:<\/p>\n<p>Weingut don\u00e0, Riva di sotto 73, 39057 Appiano, Italy<\/p>\n","protected":false},"excerpt":{"rendered":"<p>Ai sensi dell\u2019art. 13, Dlgs 30 giugno 2003 nr. 196, INFORMIAMO che weingut don\u00e0 tratta dati personali di clienti e fornitori e di soggetti che&#8230;<\/p>\n","protected":false},"author":2,"featured_media":0,"parent":0,"menu_order":0,"comment_status":"closed","ping_status":"closed","template":"","meta":{"footnotes":""},"publishpress_future_action":{"enabled":false,"date":"1970-01-01 01:00:00","action":"","terms":[],"taxonomy":"","browser_timezone_offset":0},"_links":{"self":[{"href":"https:\/\/weingut-dona.com\/prod\/wp-json\/wp\/v2\/pages\/17290"}],"collection":[{"href":"https:\/\/weingut-dona.com\/prod\/wp-json\/wp\/v2\/pages"}],"about":[{"href":"https:\/\/weingut-dona.com\/prod\/wp-json\/wp\/v2\/types\/page"}],"author":[{"embeddable":true,"href":"https:\/\/weingut-dona.com\/prod\/wp-json\/wp\/v2\/users\/2"}],"replies":[{"embeddable":true,"href":"https:\/\/weingut-dona.com\/prod\/wp-json\/wp\/v2\/comments?post=17290"}],"version-history":[{"count":2,"href":"https:\/\/weingut-dona.com\/prod\/wp-json\/wp\/v2\/pages\/17290\/revisions"}],"predecessor-version":[{"id":18438,"href":"https:\/\/weingut-dona.com\/prod\/wp-json\/wp\/v2\/pages\/17290\/revisions\/18438"}],"wp:attachment":[{"href":"https:\/\/weingut-dona.com\/prod\/wp-json\/wp\/v2\/media?parent=17290"}],"curies":[{"name":"wp","href":"https:\/\/api.w.org\/{rel}","templated":true}]}}