{"id":16911,"date":"2017-02-26T19:50:40","date_gmt":"2017-02-26T18:50:40","guid":{"rendered":"http:\/\/weingut-dona.com\/prod\/vini\/"},"modified":"2023-04-04T10:26:35","modified_gmt":"2023-04-04T08:26:35","slug":"vini","status":"publish","type":"page","link":"https:\/\/weingut-dona.com\/prod\/it\/vini\/","title":{"rendered":"vini"},"content":{"rendered":"<div class=\"wpb-content-wrapper\"><p>[vc_row css_animation=&#8220;&#8220; row_type=&#8220;row&#8220; use_row_as_full_screen_section=&#8220;no&#8220; type=&#8220;grid&#8220; in_content_menu=&#8220;in_content_menu&#8220; content_menu_icon=&#8220;&#8220; angled_section=&#8220;no&#8220; text_align=&#8220;left&#8220; background_image_as_pattern=&#8220;without_pattern&#8220; row_negative_margin=&#8220;disable_negative_margin&#8220; padding_top=&#8220;87&#8243; padding_bottom=&#8220;34&#8243;][vc_column width=&#8220;1\/6&#8243;][\/vc_column][vc_column width=&#8220;2\/3&#8243;][vc_column_text]I vini della tenuta Don\u00e0 riflettono la totalit\u00e0 e la tipicit\u00e0 dovuti alla vite, al terreno, al microclima, agli uomini, all\u2018ubicazione e all\u2018annata specifica. Qui, i vitigni di Pinot Bianco, di Charodonnay, cos\u00ec come della Vernaccia, del Merlot e del Lagrein autoctono trovano le condizioni ambientali ideali per maturare. L\u2019uva di qualit\u00e0 \u00e8 trasformata con competenza ed esperienza in un vino autentico con carattere.[\/vc_column_text][vc_single_image image=&#8220;17716&#8243; img_size=&#8220;full&#8220; alignment=&#8220;center&#8220; qode_css_animation=&#8220;element_from_left&#8220; transition_delay=&#8220;0.3&#8243;][\/vc_column][vc_column width=&#8220;1\/6&#8243;][\/vc_column][\/vc_row][vc_row css_animation=&#8220;&#8220; row_type=&#8220;row&#8220; use_row_as_full_screen_section=&#8220;yes&#8220; type=&#8220;grid&#8220; header_style=&#8220;dark&#8220; angled_section=&#8220;no&#8220; text_align=&#8220;left&#8220; background_image_as_pattern=&#8220;without_pattern&#8220; border_color=&#8220;rgba(163,153,52,0.34)&#8220;][vc_column][vc_column_text el_class=&#8220;h2&#8243;]<\/p>\n<h2 style=\"text-align: center;\"><\/h2>\n<p>[\/vc_column_text][vc_column_text]<\/p>\n<h2 style=\"text-align: center;\">I NOSTRI VINI<\/h2>\n<p style=\"text-align: center;\">I nostri vini nascono dalla passione, dalla lunga esperienza e dalla grande cura posta dall\u2019inizio gi\u00e0 nelle vigne.<\/p>\n<p style=\"text-align: center;\">I vini di qualit\u00e0 nascono solo dall\u2019uva di qualit\u00e0.<\/p>\n<p>[\/vc_column_text][vc_separator type=&#8220;transparent&#8220; up=&#8220;35&#8243; down=&#8220;22&#8243;][vc_column_text]<\/p>\n<h5 style=\"text-align: center;\">Vini bianchi<\/h5>\n<p>[\/vc_column_text][vc_separator type=&#8220;transparent&#8220; up=&#8220;35&#8243; down=&#8220;22&#8243;]<div class='projects_holder_outer v2 portfolio_with_space portfolio_standard  masonry_with_space'><div class='projects_holder portfolio_main_holder clearfix v2 standard portfolio_full_image '>\n<article class='mix portfolio_category_64 portfolio_category_62 portfolio_category_49 ' style='padding: 0 5px;margin-bottom: 10px !important;'><div class=\"item_holder thin_plus_only\"><div class=\"text_holder\"><div class=\"text_holder_outer\"><div class=\"text_holder_inner\"><span class=\"thin_plus_only_icon\">+<\/span><\/div><\/div><\/div><a class=\"portfolio_link_class\" title=\"Terlaner Chardonnay\" href=\"https:\/\/weingut-dona.com\/prod\/detail\/terlaner-chardonnay\/\"><\/a><div style=\"background-color: rgba(255,255,255,0.01)\" class=\"portfolio_shader\"><\/div><div class=\"image_holder\"><span class=\"image\"><img width=\"494\" height=\"500\" src=\"https:\/\/weingut-dona.com\/wp-content\/uploads\/Terlaner-Chardonnay_kl.jpg\" class=\"attachment-portfolio_masonry_with_space size-portfolio_masonry_with_space wp-post-image\" alt=\"\" decoding=\"async\" srcset=\"https:\/\/weingut-dona.com\/wp-content\/uploads\/Terlaner-Chardonnay_kl.jpg 494w, https:\/\/weingut-dona.com\/wp-content\/uploads\/Terlaner-Chardonnay_kl-296x300.jpg 296w\" sizes=\"(max-width: 494px) 100vw, 494px\" \/><\/span><\/div><\/div><div class='portfolio_description text_align_center' style=background-color:rgba(255,255,255,0.01);'><h4 class=\"portfolio_title\"><a href=\"https:\/\/weingut-dona.com\/prod\/detail\/terlaner-chardonnay\/\" target=\"_self\" >Terlaner Chardonnay<\/a><\/h4><\/div><\/article>\n<article class='mix portfolio_category_64 portfolio_category_62 portfolio_category_49 ' style='padding: 0 5px;margin-bottom: 10px !important;'><div class=\"item_holder thin_plus_only\"><div class=\"text_holder\"><div class=\"text_holder_outer\"><div class=\"text_holder_inner\"><span class=\"thin_plus_only_icon\">+<\/span><\/div><\/div><\/div><a class=\"portfolio_link_class\" title=\"S\u00fcdtirol Sauvignon\" href=\"https:\/\/weingut-dona.com\/prod\/detail\/sauvignon\/\"><\/a><div style=\"background-color: rgba(255,255,255,0.01)\" class=\"portfolio_shader\"><\/div><div class=\"image_holder\"><span class=\"image\"><img width=\"494\" height=\"500\" src=\"https:\/\/weingut-dona.com\/wp-content\/uploads\/Suedtirol-Sauvignon_kl.jpg\" class=\"attachment-portfolio_masonry_with_space size-portfolio_masonry_with_space wp-post-image\" alt=\"\" decoding=\"async\" srcset=\"https:\/\/weingut-dona.com\/wp-content\/uploads\/Suedtirol-Sauvignon_kl.jpg 494w, https:\/\/weingut-dona.com\/wp-content\/uploads\/Suedtirol-Sauvignon_kl-296x300.jpg 296w\" sizes=\"(max-width: 494px) 100vw, 494px\" \/><\/span><\/div><\/div><div class='portfolio_description text_align_center' style=background-color:rgba(255,255,255,0.01);'><h4 class=\"portfolio_title\"><a href=\"https:\/\/weingut-dona.com\/prod\/detail\/sauvignon\/\" target=\"_self\" >S\u00fcdtirol Sauvignon<\/a><\/h4><\/div><\/article>\n<div class='filler'><\/div>\n<div class='filler'><\/div>\n<\/div><\/div>[vc_separator type=&#8220;transparent&#8220; up=&#8220;35&#8243; down=&#8220;22&#8243;][vc_column_text]<\/p>\n<h5 style=\"text-align: center;\">Vini rossi<\/h5>\n<p>[\/vc_column_text]<div class='projects_holder_outer v2 portfolio_with_space portfolio_standard  masonry_with_space'><div class='projects_holder portfolio_main_holder clearfix v2 standard portfolio_full_image '>\n<article class='mix portfolio_category_53 portfolio_category_62 portfolio_category_49 ' style='padding: 0 5px;margin-bottom: 10px !important;'><div class=\"item_holder thin_plus_only\"><div class=\"text_holder\"><div class=\"text_holder_outer\"><div class=\"text_holder_inner\"><span class=\"thin_plus_only_icon\">+<\/span><\/div><\/div><\/div><a class=\"portfolio_link_class\" title=\"S\u00fcdtirol Vernatsch\" href=\"https:\/\/weingut-dona.com\/prod\/detail\/suedtirol-vernatsch\/\"><\/a><div style=\"background-color: rgba(255,255,255,0.01)\" class=\"portfolio_shader\"><\/div><div class=\"image_holder\"><span class=\"image\"><img width=\"494\" height=\"500\" src=\"https:\/\/weingut-dona.com\/wp-content\/uploads\/Suedtirol-Vernatsch_kl.jpg\" class=\"attachment-portfolio_masonry_with_space size-portfolio_masonry_with_space wp-post-image\" alt=\"\" decoding=\"async\" srcset=\"https:\/\/weingut-dona.com\/wp-content\/uploads\/Suedtirol-Vernatsch_kl.jpg 494w, https:\/\/weingut-dona.com\/wp-content\/uploads\/Suedtirol-Vernatsch_kl-296x300.jpg 296w\" sizes=\"(max-width: 494px) 100vw, 494px\" \/><\/span><\/div><\/div><div class='portfolio_description text_align_center' style=background-color:rgba(255,255,255,0.01);'><h4 class=\"portfolio_title\"><a href=\"https:\/\/weingut-dona.com\/prod\/detail\/suedtirol-vernatsch\/\" target=\"_self\" >S\u00fcdtirol Vernatsch<\/a><\/h4><\/div><\/article>\n<article class='mix portfolio_category_53 portfolio_category_62 portfolio_category_49 ' style='padding: 0 5px;margin-bottom: 10px !important;'><div class=\"item_holder thin_plus_only\"><div class=\"text_holder\"><div class=\"text_holder_outer\"><div class=\"text_holder_inner\"><span class=\"thin_plus_only_icon\">+<\/span><\/div><\/div><\/div><a class=\"portfolio_link_class\" title=\"Merlot-Lagrein\" href=\"https:\/\/weingut-dona.com\/prod\/detail\/suedtirol-merlot-lagrein\/\"><\/a><div style=\"background-color: rgba(255,255,255,0.01)\" class=\"portfolio_shader\"><\/div><div class=\"image_holder\"><span class=\"image\"><img width=\"494\" height=\"500\" src=\"https:\/\/weingut-dona.com\/wp-content\/uploads\/Merlot-Lagrein_kl.jpg\" class=\"attachment-portfolio_masonry_with_space size-portfolio_masonry_with_space wp-post-image\" alt=\"\" decoding=\"async\" srcset=\"https:\/\/weingut-dona.com\/wp-content\/uploads\/Merlot-Lagrein_kl.jpg 494w, https:\/\/weingut-dona.com\/wp-content\/uploads\/Merlot-Lagrein_kl-296x300.jpg 296w\" sizes=\"(max-width: 494px) 100vw, 494px\" \/><\/span><\/div><\/div><div class='portfolio_description text_align_center' style=background-color:rgba(255,255,255,0.01);'><h4 class=\"portfolio_title\"><a href=\"https:\/\/weingut-dona.com\/prod\/detail\/suedtirol-merlot-lagrein\/\" target=\"_self\" >Merlot-Lagrein<\/a><\/h4><\/div><\/article>\n<div class='filler'><\/div>\n<div class='filler'><\/div>\n<\/div><\/div>[vc_separator type=&#8220;transparent&#8220; up=&#8220;30&#8243; down=&#8220;30&#8243;][\/vc_column][\/vc_row][vc_row css_animation=&#8220;&#8220; row_type=&#8220;row&#8220; use_row_as_full_screen_section=&#8220;no&#8220; type=&#8220;grid&#8220; in_content_menu=&#8220;in_content_menu&#8220; content_menu_icon=&#8220;&#8220; angled_section=&#8220;no&#8220; text_align=&#8220;center&#8220; background_image_as_pattern=&#8220;without_pattern&#8220; background_color=&#8220;#dad2bc&#8220; row_negative_margin=&#8220;disable_negative_margin&#8220; padding_top=&#8220;87&#8243; padding_bottom=&#8220;34&#8243;][vc_column width=&#8220;1\/6&#8243;][\/vc_column][vc_column width=&#8220;2\/3&#8243;][vc_column_text]<\/p>\n<h5 style=\"text-align: center;\">Vendita di vini<\/h5>\n<p style=\"text-align: center;\">\u00c8 gradita la prenotazione telefonica.<\/p>\n<p style=\"text-align: center;\">Tel +39 335 6058733<br \/>\nHansj\u00f6rg Don\u00e0<\/p>\n<p>[\/vc_column_text][\/vc_column][vc_column width=&#8220;1\/6&#8243;][\/vc_column][\/vc_row][vc_row css_animation=&#8220;&#8220; row_type=&#8220;row&#8220; use_row_as_full_screen_section=&#8220;no&#8220; type=&#8220;full_width&#8220; angled_section=&#8220;no&#8220; text_align=&#8220;left&#8220; background_image_as_pattern=&#8220;without_pattern&#8220;][vc_column][vc_single_image image=&#8220;16321&#8243; img_size=&#8220;full&#8220; qode_css_animation=&#8220;&#8220; transition_delay=&#8220;-3&#8243;][\/vc_column][\/vc_row]<\/p>\n<\/div>","protected":false},"excerpt":{"rendered":"<p>[vc_row css_animation=&#8220;&#8220; row_type=&#8220;row&#8220; use_row_as_full_screen_section=&#8220;no&#8220; type=&#8220;grid&#8220; in_content_menu=&#8220;in_content_menu&#8220; content_menu_icon=&#8220;&#8220; angled_section=&#8220;no&#8220; text_align=&#8220;left&#8220; background_image_as_pattern=&#8220;without_pattern&#8220; row_negative_margin=&#8220;disable_negative_margin&#8220; padding_top=&#8220;87&#8243; padding_bottom=&#8220;34&#8243;][vc_column width=&#8220;1\/6&#8243;][\/vc_column][vc_column width=&#8220;2\/3&#8243;][vc_column_text]I vini della tenuta Don\u00e0 riflettono la totalit\u00e0 e la tipicit\u00e0&#8230;<\/p>\n","protected":false},"author":2,"featured_media":0,"parent":0,"menu_order":0,"comment_status":"closed","ping_status":"closed","template":"","meta":{"footnotes":""},"publishpress_future_action":{"enabled":false,"date":"1970-01-01 01:00:00","action":"","terms":[],"taxonomy":"","browser_timezone_offset":0},"_links":{"self":[{"href":"https:\/\/weingut-dona.com\/prod\/wp-json\/wp\/v2\/pages\/16911"}],"collection":[{"href":"https:\/\/weingut-dona.com\/prod\/wp-json\/wp\/v2\/pages"}],"about":[{"href":"https:\/\/weingut-dona.com\/prod\/wp-json\/wp\/v2\/types\/page"}],"author":[{"embeddable":true,"href":"https:\/\/weingut-dona.com\/prod\/wp-json\/wp\/v2\/users\/2"}],"replies":[{"embeddable":true,"href":"https:\/\/weingut-dona.com\/prod\/wp-json\/wp\/v2\/comments?post=16911"}],"version-history":[{"count":26,"href":"https:\/\/weingut-dona.com\/prod\/wp-json\/wp\/v2\/pages\/16911\/revisions"}],"predecessor-version":[{"id":18728,"href":"https:\/\/weingut-dona.com\/prod\/wp-json\/wp\/v2\/pages\/16911\/revisions\/18728"}],"wp:attachment":[{"href":"https:\/\/weingut-dona.com\/prod\/wp-json\/wp\/v2\/media?parent=16911"}],"curies":[{"name":"wp","href":"https:\/\/api.w.org\/{rel}","templated":true}]}}