{"id":15793,"date":"2016-04-10T15:27:42","date_gmt":"2016-04-10T13:27:42","guid":{"rendered":"http:\/\/juwin.one\/wordpress\/?page_id=15793"},"modified":"2022-05-30T18:59:05","modified_gmt":"2022-05-30T16:59:05","slug":"presse","status":"publish","type":"page","link":"https:\/\/weingut-dona.com\/prod\/presse\/","title":{"rendered":"Presse"},"content":{"rendered":"<div class=\"wpb-content-wrapper\"><p>[vc_row css_animation=&#8220;&#8220; row_type=&#8220;row&#8220; use_row_as_full_screen_section=&#8220;no&#8220; type=&#8220;full_width&#8220; angled_section=&#8220;no&#8220; text_align=&#8220;left&#8220; background_image_as_pattern=&#8220;without_pattern&#8220; padding_top=&#8220;100&#8243; padding_bottom=&#8220;100&#8243;][vc_column][vc_column_text]<\/p>\n<p style=\"text-align: center;\"><img decoding=\"async\" src=\"https:\/\/www.villa-meran.com\/weingut-dona\/Arbeiten-von-unterwegs-250px.png\" \/><\/p>\n<p>&nbsp;<\/p>\n<p style=\"text-align: center;\"><a href=\"https:\/\/www.youtube.com\/watch?v=kuwKgNA-Bkg\" target=\"_blank\" rel=\"noopener\">Hier finden Sie ein Video zum Thema Workation am Weingut Dona<\/a><\/p>\n<p>[\/vc_column_text][vc_row_inner row_type=&#8220;row&#8220; type=&#8220;full_width&#8220; text_align=&#8220;left&#8220; css_animation=&#8220;&#8220;][vc_column_inner][\/vc_column_inner][\/vc_row_inner][\/vc_column][\/vc_row][vc_row css_animation=&#8220;&#8220; row_type=&#8220;row&#8220; use_row_as_full_screen_section=&#8220;no&#8220; type=&#8220;full_width&#8220; angled_section=&#8220;no&#8220; text_align=&#8220;left&#8220; background_image_as_pattern=&#8220;without_pattern&#8220;][vc_column][vc_column_text]<\/p>\n<h1 style=\"text-align: center;\"><\/h1>\n<h1 style=\"text-align: center;\"><strong>60. Geburtstag von Hansj\u00f6rg Don\u00e1<\/strong><\/h1>\n<div id=\"attachment_18067\" style=\"width: 538px\" class=\"wp-caption aligncenter\"><img aria-describedby=\"caption-attachment-18067\" decoding=\"async\" loading=\"lazy\" class=\" wp-image-18067\" src=\"http:\/\/weingut-dona.com\/wp-content\/uploads\/mit-blauem-Hintergrund-300x218.jpg\" alt=\"Ein gelungenes Fest am Weingut Don\u00e1 - 60. Geburtstag von Hansj\u00f6rg Don\u00e1\" width=\"528\" height=\"384\" srcset=\"https:\/\/weingut-dona.com\/wp-content\/uploads\/mit-blauem-Hintergrund-300x218.jpg 300w, https:\/\/weingut-dona.com\/wp-content\/uploads\/mit-blauem-Hintergrund-768x558.jpg 768w, https:\/\/weingut-dona.com\/wp-content\/uploads\/mit-blauem-Hintergrund-1024x745.jpg 1024w, https:\/\/weingut-dona.com\/wp-content\/uploads\/mit-blauem-Hintergrund-700x509.jpg 700w\" sizes=\"(max-width: 528px) 100vw, 528px\" \/><p id=\"caption-attachment-18067\" class=\"wp-caption-text\">Hansj\u00f6rg Don\u00e1 lebt f\u00fcr den Wein &#8211; am 2. Januar 2018 feiert er mit Familie und Freunden seinen 60. Geburtstag am Weingut Don\u00e1<\/p><\/div>\n<p>&nbsp;<\/p>\n<p>[\/vc_column_text][vc_row_inner row_type=&#8220;row&#8220; type=&#8220;full_width&#8220; text_align=&#8220;left&#8220; css_animation=&#8220;&#8220;][vc_column_inner][\/vc_column_inner][\/vc_row_inner][\/vc_column][\/vc_row][vc_row css_animation=&#8220;&#8220; row_type=&#8220;row&#8220; use_row_as_full_screen_section=&#8220;no&#8220; type=&#8220;grid&#8220; angled_section=&#8220;no&#8220; text_align=&#8220;left&#8220; background_image_as_pattern=&#8220;without_pattern&#8220;][vc_column][vc_column_text]<\/p>\n<h1 style=\"text-align: center;\"><strong>15. STOCK Weinwoche<\/strong><\/h1>\n<h6 style=\"text-align: center;\">Liebe Familie Stock,<br \/>\nLiebes Hotel Stock Team,<\/h6>\n<h6 style=\"text-align: center;\">an gro\u00dfen &#8222;Vergelt&#8217;s Gott&#8220; dass wir dieses Jahr bei der 15. STOCK Weinwoche mit dabei sein durften.<br \/>\nMagdalena &amp; Franziska Don\u00e1<\/h6>\n<p style=\"text-align: center;\"><img decoding=\"async\" loading=\"lazy\" class=\"size-medium wp-image-18023 aligncenter\" src=\"http:\/\/weingut-dona.com\/wp-content\/uploads\/hotel-stock-300x200.jpg\" alt=\"\" width=\"300\" height=\"200\" srcset=\"https:\/\/weingut-dona.com\/wp-content\/uploads\/hotel-stock-300x200.jpg 300w, https:\/\/weingut-dona.com\/wp-content\/uploads\/hotel-stock-768x512.jpg 768w, https:\/\/weingut-dona.com\/wp-content\/uploads\/hotel-stock-1024x683.jpg 1024w, https:\/\/weingut-dona.com\/wp-content\/uploads\/hotel-stock-700x467.jpg 700w, https:\/\/weingut-dona.com\/wp-content\/uploads\/hotel-stock.jpg 1083w\" sizes=\"(max-width: 300px) 100vw, 300px\" \/><\/p>\n<p style=\"text-align: center;\"><img decoding=\"async\" loading=\"lazy\" class=\"alignnone size-medium wp-image-18024\" src=\"http:\/\/weingut-dona.com\/wp-content\/uploads\/MF-300x200.jpg\" alt=\"\" width=\"300\" height=\"200\" srcset=\"https:\/\/weingut-dona.com\/wp-content\/uploads\/MF-300x200.jpg 300w, https:\/\/weingut-dona.com\/wp-content\/uploads\/MF-768x512.jpg 768w, https:\/\/weingut-dona.com\/wp-content\/uploads\/MF-1024x683.jpg 1024w, https:\/\/weingut-dona.com\/wp-content\/uploads\/MF-700x467.jpg 700w, https:\/\/weingut-dona.com\/wp-content\/uploads\/MF.jpg 1083w\" sizes=\"(max-width: 300px) 100vw, 300px\" \/><\/p>\n<p>[\/vc_column_text][vc_empty_space height=&#8220;50&#8243;][\/vc_column][\/vc_row][vc_row css_animation=&#8220;&#8220; row_type=&#8220;row&#8220; use_row_as_full_screen_section=&#8220;no&#8220; type=&#8220;full_width&#8220; angled_section=&#8220;no&#8220; text_align=&#8220;left&#8220; background_image_as_pattern=&#8220;without_pattern&#8220;][vc_column][vc_column_text]<\/p>\n<h1 style=\"text-align: center;\"><strong>B\u00e2tonnage<\/strong><\/h1>\n<h6 style=\"text-align: center;\"><strong>Der Winzer l\u00e4sst manchmal beim Ausbau etwas Hefe im Fass.<br \/>\n<\/strong><\/h6>\n<h6 style=\"text-align: center;\">W\u00e4hrend des Lagerzeitraums r\u00fchrt der Winzer den Jungwein immer wieder im Fass auf. Durch die Bewegung wird der Wein gekl\u00e4rt und die <strong>B\u00e2tonnage <\/strong>bewirkt zus\u00e4tzlich, dass der Wein rund wird und an F\u00fclle sowie einen fruchtigen, cremigen Geschmack gewinnt. Die <strong>B\u00e2tonnage <\/strong>ist also ein Prozess zur Qualit\u00e4tssteigerung von Weinen w\u00e4hrend der Lagerung. Beliebt ist dies zum Beispiel beim Chardonnay.<br \/>\n<img decoding=\"async\" loading=\"lazy\" class=\"size-medium wp-image-18002 alignnone\" src=\"http:\/\/weingut-dona.com\/wp-content\/uploads\/Josef-Don\u00e1-B\u00e2tonnage-e1511014854203-300x152.jpg\" alt=\"\" width=\"300\" height=\"152\" srcset=\"https:\/\/weingut-dona.com\/wp-content\/uploads\/Josef-Don\u00e1-B\u00e2tonnage-e1511014854203-300x152.jpg 300w, https:\/\/weingut-dona.com\/wp-content\/uploads\/Josef-Don\u00e1-B\u00e2tonnage-e1511014854203-768x389.jpg 768w, https:\/\/weingut-dona.com\/wp-content\/uploads\/Josef-Don\u00e1-B\u00e2tonnage-e1511014854203.jpg 1024w, https:\/\/weingut-dona.com\/wp-content\/uploads\/Josef-Don\u00e1-B\u00e2tonnage-e1511014854203-700x355.jpg 700w\" sizes=\"(max-width: 300px) 100vw, 300px\" \/><\/h6>\n<p style=\"text-align: center;\">Im Bild: Josef Don\u00e1 &#8211; <strong>B\u00e2tonnage beim Terlaner Chardonnay DOC 2017<\/strong><\/p>\n<p>[\/vc_column_text][vc_empty_space height=&#8220;50&#8243;][\/vc_column][\/vc_row][vc_row css_animation=&#8220;&#8220; row_type=&#8220;row&#8220; use_row_as_full_screen_section=&#8220;no&#8220; type=&#8220;grid&#8220; angled_section=&#8220;no&#8220; text_align=&#8220;left&#8220; background_image_as_pattern=&#8220;without_pattern&#8220;][vc_column][vc_basic_grid post_type=&#8220;post&#8220; max_items=&#8220;10&#8243; item=&#8220;17470&#8243; grid_id=&#8220;vc_gid:1653929914374-96141651-2198-0&#8243;][\/vc_column][\/vc_row][vc_row css_animation=&#8220;&#8220; row_type=&#8220;row&#8220; use_row_as_full_screen_section=&#8220;no&#8220; type=&#8220;full_width&#8220; angled_section=&#8220;no&#8220; text_align=&#8220;left&#8220; background_image_as_pattern=&#8220;without_pattern&#8220;][vc_column][\/vc_column][\/vc_row]<\/p>\n<\/div>","protected":false},"excerpt":{"rendered":"<p>[vc_row css_animation=&#8220;&#8220; row_type=&#8220;row&#8220; use_row_as_full_screen_section=&#8220;no&#8220; type=&#8220;full_width&#8220; angled_section=&#8220;no&#8220; text_align=&#8220;left&#8220; background_image_as_pattern=&#8220;without_pattern&#8220; padding_top=&#8220;100&#8243; padding_bottom=&#8220;100&#8243;][vc_column][vc_column_text] &nbsp; Hier finden Sie ein Video zum Thema Workation am Weingut Dona [\/vc_column_text][vc_row_inner row_type=&#8220;row&#8220; type=&#8220;full_width&#8220;&#8230;<\/p>\n","protected":false},"author":2,"featured_media":0,"parent":0,"menu_order":0,"comment_status":"closed","ping_status":"closed","template":"full_width.php","meta":{"footnotes":""},"publishpress_future_action":{"enabled":false,"date":"1970-01-01 01:00:00","action":"","terms":[],"taxonomy":"","browser_timezone_offset":0},"_links":{"self":[{"href":"https:\/\/weingut-dona.com\/prod\/wp-json\/wp\/v2\/pages\/15793"}],"collection":[{"href":"https:\/\/weingut-dona.com\/prod\/wp-json\/wp\/v2\/pages"}],"about":[{"href":"https:\/\/weingut-dona.com\/prod\/wp-json\/wp\/v2\/types\/page"}],"author":[{"embeddable":true,"href":"https:\/\/weingut-dona.com\/prod\/wp-json\/wp\/v2\/users\/2"}],"replies":[{"embeddable":true,"href":"https:\/\/weingut-dona.com\/prod\/wp-json\/wp\/v2\/comments?post=15793"}],"version-history":[{"count":48,"href":"https:\/\/weingut-dona.com\/prod\/wp-json\/wp\/v2\/pages\/15793\/revisions"}],"predecessor-version":[{"id":18530,"href":"https:\/\/weingut-dona.com\/prod\/wp-json\/wp\/v2\/pages\/15793\/revisions\/18530"}],"wp:attachment":[{"href":"https:\/\/weingut-dona.com\/prod\/wp-json\/wp\/v2\/media?parent=15793"}],"curies":[{"name":"wp","href":"https:\/\/api.w.org\/{rel}","templated":true}]}}