{"id":15784,"date":"2016-04-10T14:08:22","date_gmt":"2016-04-10T12:08:22","guid":{"rendered":"http:\/\/juwin.one\/wordpress\/?page_id=15784"},"modified":"2023-10-09T10:15:19","modified_gmt":"2023-10-09T08:15:19","slug":"kellerei","status":"publish","type":"page","link":"https:\/\/weingut-dona.com\/prod\/kellerei\/","title":{"rendered":"Kellerei"},"content":{"rendered":"<div class=\"wpb-content-wrapper\"><p>[vc_row css_animation=&#8220;&#8220; row_type=&#8220;row&#8220; use_row_as_full_screen_section=&#8220;no&#8220; type=&#8220;grid&#8220; angled_section=&#8220;no&#8220; text_align=&#8220;left&#8220; background_image_as_pattern=&#8220;without_pattern&#8220; padding_top=&#8220;87&#8243; padding_bottom=&#8220;34&#8243;][vc_column][vc_column_text]<\/p>\n<h2 style=\"text-align: center;\">Wein \u2013 ein St\u00fcck Lebenskultur.<\/h2>\n<p style=\"text-align: center;\">Nach diesem Grundsatz und mit langj\u00e4hriger Erfahrung pflegt die Familie Don\u00e0 ihr Weingut. Mit viel Freude und Engagement in Kombination mit fachlicher Kenntnis entstehen ortstypische Qualit\u00e4tsweine, die einen unverkennbaren Genuss bieten. Im Mittelpunkt stehen tradtionelle Rebsorten, verbunden mit moderner, schonender Kellertechnologie und eine langfristige, nachhaltige Planung mit dem Fokus auf h\u00f6chste Qualit\u00e4t.<\/p>\n<p>[\/vc_column_text][\/vc_column][\/vc_row][vc_row css_animation=&#8220;&#8220; row_type=&#8220;row&#8220; use_row_as_full_screen_section=&#8220;no&#8220; type=&#8220;grid&#8220; angled_section=&#8220;no&#8220; text_align=&#8220;left&#8220; background_image_as_pattern=&#8220;without_pattern&#8220; padding_top=&#8220;87&#8243; padding_bottom=&#8220;34&#8243;][vc_column][vc_btn title=&#8220;Weinverkauf&#8220; color=&#8220;chino&#8220; size=&#8220;lg&#8220; align=&#8220;center&#8220; css_animation=&#8220;zoomIn&#8220; link=&#8220;url:https%3A%2F%2Fweingut-dona.com%2Fprod%2Fkellerei%2Fweinverkauf%2F|title:Weinverkauf&#8220;][\/vc_column][\/vc_row][vc_row css_animation=&#8220;&#8220; row_type=&#8220;row&#8220; use_row_as_full_screen_section=&#8220;no&#8220; type=&#8220;grid&#8220; angled_section=&#8220;no&#8220; text_align=&#8220;left&#8220; background_image_as_pattern=&#8220;without_pattern&#8220; padding_top=&#8220;87&#8243; padding_bottom=&#8220;34&#8243;][vc_column][vc_single_image image=&#8220;16264&#8243; img_size=&#8220;full&#8220; alignment=&#8220;center&#8220; qode_css_animation=&#8220;element_from_bottom&#8220; transition_delay=&#8220;0.3&#8243;][\/vc_column][\/vc_row][vc_row css_animation=&#8220;&#8220; row_type=&#8220;row&#8220; use_row_as_full_screen_section=&#8220;no&#8220; type=&#8220;full_width&#8220; angled_section=&#8220;no&#8220; text_align=&#8220;left&#8220; background_image_as_pattern=&#8220;without_pattern&#8220;][vc_column][vc_single_image image=&#8220;17915&#8243; img_size=&#8220;full&#8220; qode_css_animation=&#8220;&#8220;][vc_separator type=&#8220;transparent&#8220; up=&#8220;20&#8243; down=&#8220;20&#8243;][\/vc_column][\/vc_row][vc_row css_animation=&#8220;&#8220; row_type=&#8220;row&#8220; use_row_as_full_screen_section=&#8220;no&#8220; type=&#8220;full_width&#8220; header_style=&#8220;dark&#8220; anchor=&#8220;#weine&#8220; in_content_menu=&#8220;in_content_menu&#8220; content_menu_title=&#8220;Unsere Weine&#8220; content_menu_icon=&#8220;&#8220; angled_section=&#8220;no&#8220; text_align=&#8220;left&#8220; background_image=&#8220;13861&#8243; background_image_as_pattern=&#8220;without_pattern&#8220;][vc_column][vc_row_inner row_type=&#8220;row&#8220; type=&#8220;full_width&#8220; text_align=&#8220;left&#8220; css_animation=&#8220;&#8220;][vc_column_inner width=&#8220;1\/2&#8243;][vc_single_image image=&#8220;16370&#8243; img_size=&#8220;full&#8220; qode_css_animation=&#8220;&#8220;][\/vc_column_inner][vc_column_inner width=&#8220;1\/2&#8243;][vc_column_text]Maischeg\u00e4rung im offenen Tonneau Eichenfass<\/p>\n<p>H\u00e4ndische Maischebewegung je nach Sorte und Jahrgang mehrmals t\u00e4glich m\u00f6glich.[\/vc_column_text][\/vc_column_inner][\/vc_row_inner][vc_separator type=&#8220;transparent&#8220; up=&#8220;20&#8243; down=&#8220;20&#8243;][vc_row_inner row_type=&#8220;row&#8220; type=&#8220;full_width&#8220; text_align=&#8220;left&#8220; css_animation=&#8220;&#8220;][vc_column_inner width=&#8220;1\/2&#8243;][vc_column_text]Wir lassen unsere Wei\u00dfweine und Rotweine in 500 l Tonneau Eichenf\u00e4ssern reifen.<\/p>\n<p>Dabei ist uns der Kontakt mit der Feinhefe sehr wichtig.[\/vc_column_text][\/vc_column_inner][vc_column_inner width=&#8220;1\/2&#8243;][vc_single_image image=&#8220;17876&#8243; img_size=&#8220;full&#8220; qode_css_animation=&#8220;&#8220;][\/vc_column_inner][\/vc_row_inner][vc_separator type=&#8220;transparent&#8220; up=&#8220;35&#8243; down=&#8220;22&#8243;][vc_column_text]<\/p>\n<h2 style=\"text-align: center;\">Weinsorten<\/h2>\n<p style=\"text-align: center;\">Die Weine des Weinguts Don\u00e0 spiegeln die Gesamtheit und Typizit\u00e4t ihrer unmittelbaren Umgebung wider. Dies beinhaltet die Eigenart der Rebe, des Bodens, Kleinklimas, der Menschen, der Lage sowie des spezifischen Jahrganges. <strong>Wei\u00dfburgunder<\/strong> und <strong>Chardonnay<\/strong> f\u00fchlen sich in dieser Zone genau so zu Hause wie <strong>Vernatsch, Merlot<\/strong> und die autoktone Rebsorte <strong>Lagrein<\/strong>. Mit Kompetenz und Erfahrung werden die qualitativ hochwertigen Trauben zu authentischen Weinen mit eigenst\u00e4ndigem Charakter ausgebaut.<\/p>\n<p>[\/vc_column_text][vc_separator type=&#8220;transparent&#8220; up=&#8220;20&#8243; down=&#8220;20&#8243;][vc_single_image image=&#8220;17106&#8243; img_size=&#8220;full&#8220; alignment=&#8220;center&#8220; qode_css_animation=&#8220;element_from_left&#8220;][vc_separator type=&#8220;transparent&#8220; up=&#8220;35&#8243; down=&#8220;22&#8243;][\/vc_column][\/vc_row][vc_row css_animation=&#8220;&#8220; row_type=&#8220;row&#8220; use_row_as_full_screen_section=&#8220;no&#8220; type=&#8220;full_width&#8220; angled_section=&#8220;no&#8220; text_align=&#8220;left&#8220; background_image_as_pattern=&#8220;without_pattern&#8220;][vc_column width=&#8220;1\/2&#8243;][vc_single_image image=&#8220;17884&#8243; img_size=&#8220;full&#8220; qode_css_animation=&#8220;&#8220;][vc_separator type=&#8220;transparent&#8220; up=&#8220;20&#8243; down=&#8220;20&#8243;][\/vc_column][vc_column width=&#8220;1\/2&#8243;][vc_single_image image=&#8220;17886&#8243; img_size=&#8220;full&#8220; qode_css_animation=&#8220;&#8220;][\/vc_column][\/vc_row][vc_row css_animation=&#8220;&#8220; row_type=&#8220;row&#8220; use_row_as_full_screen_section=&#8220;no&#8220; type=&#8220;full_width&#8220; header_style=&#8220;dark&#8220; anchor=&#8220;#weine&#8220; in_content_menu=&#8220;in_content_menu&#8220; content_menu_title=&#8220;Unsere Weine&#8220; content_menu_icon=&#8220;&#8220; angled_section=&#8220;no&#8220; text_align=&#8220;left&#8220; background_image=&#8220;13861&#8243; background_image_as_pattern=&#8220;without_pattern&#8220;][vc_column][vc_separator type=&#8220;transparent&#8220; up=&#8220;20&#8243; down=&#8220;20&#8243;][\/vc_column][\/vc_row][vc_row css_animation=&#8220;&#8220; row_type=&#8220;row&#8220; use_row_as_full_screen_section=&#8220;no&#8220; type=&#8220;full_width&#8220; header_style=&#8220;dark&#8220; anchor=&#8220;#weine&#8220; in_content_menu=&#8220;in_content_menu&#8220; content_menu_title=&#8220;Unsere Weine&#8220; content_menu_icon=&#8220;&#8220; angled_section=&#8220;no&#8220; text_align=&#8220;left&#8220; background_image=&#8220;13861&#8243; background_image_as_pattern=&#8220;without_pattern&#8220; background_color=&#8220;#ece9dc&#8220;][vc_column][vc_separator type=&#8220;transparent&#8220; up=&#8220;35&#8243; down=&#8220;22&#8243;][vc_column_text]<\/p>\n<h2 class=\"entry-title\" style=\"text-align: center;\">Weingenuss<\/h2>\n<p>&nbsp;<\/p>\n<div class=\"entry-content\" style=\"text-align: center;\">Wer beim Weinverkosten einige Regeln beachtet, wird rasch ein sicheres Gesp\u00fcr f\u00fcr seine pers\u00f6nlichen Lieblingsweinsorten entwickeln und in eine Welt voller Geschmack und D\u00fcfte eintauchen. Kommen Sie bei uns vorbei und probieren Sie in einem mediterranen Ambiente unsere Weine. Genie\u00dfen, Fachsimpeln und die Seele baumeln lassen.<\/div>\n<p>[\/vc_column_text][vc_separator type=&#8220;transparent&#8220; up=&#8220;20&#8243; down=&#8220;20&#8243;][vc_single_image image=&#8220;18591&#8243; img_size=&#8220;medium&#8220; alignment=&#8220;center&#8220; onclick=&#8220;custom_link&#8220; img_link_target=&#8220;_blank&#8220; qode_css_animation=&#8220;element_from_fade&#8220; qode_hover_animation=&#8220;darken&#8220; link=&#8220;https:\/\/www.eppanwein.it\/&#8220;][vc_separator type=&#8220;transparent&#8220; up=&#8220;35&#8243; down=&#8220;22&#8243;][\/vc_column][\/vc_row][vc_row css_animation=&#8220;&#8220; row_type=&#8220;row&#8220; use_row_as_full_screen_section=&#8220;no&#8220; type=&#8220;grid&#8220; angled_section=&#8220;no&#8220; text_align=&#8220;left&#8220; background_image_as_pattern=&#8220;without_pattern&#8220; padding_top=&#8220;87&#8243; padding_bottom=&#8220;34&#8243;][vc_column][vc_column_text]<\/p>\n<h2 style=\"text-align: center;\">Berichte \u00fcber unsere Weinkellerei<\/h2>\n<p>&nbsp;<\/p>\n<p style=\"text-align: center;\">Hier finden Sie den <strong>Filmbericht &#8222;Land und Leute: Unterrain&#8220;<\/strong> der Fernsehanstalt Rai S\u00fcdtirol.<br \/>\nAb Minute 4:20 finden Sie den Beitrag \u00fcber das Weingut Don\u00e0:<\/p>\n<p style=\"text-align: center;\"><a href=\"http:\/\/raisudtirol.rai.it\/de\/index.php?media=Ptv1650140700\" target=\"_blank\" rel=\"noopener\">raisudtirol.rai.it<\/a><\/p>\n<p>&nbsp;<\/p>\n<p style=\"text-align: center;\"><img decoding=\"async\" loading=\"lazy\" class=\"alignnone size-full wp-image-18545\" src=\"http:\/\/weingut-dona.com\/wp-content\/uploads\/Facebook-share-logo-250px.png\" alt=\"\" width=\"250\" height=\"131\" \/><\/p>\n<p style=\"text-align: center;\">Ein<strong> Artikel \u00fcber das Weingut Don\u00e0 von Untold Italy<\/strong> (in englischer Sprache):<\/p>\n<p style=\"text-align: center;\"><a href=\"https:\/\/untolditaly.com\/episode-128-how-to-spend-5-days-in-south-tyrol-and-the-dolomites\/\" target=\"_blank\" rel=\"noopener\">how to spend 5 days in south tyrol and the dolomites<\/a><\/p>\n<p>&nbsp;<\/p>\n<p style=\"text-align: center;\"><strong> Interview mit Fransziska Don\u00e1<\/strong> zum Thema S\u00fcdtirol (in englischer Sprache):<\/p>\n<p style=\"text-align: center;\"><a href=\"http:\/\/weingut-dona.com\/wp-content\/uploads\/Interview-Untold-Italy-podcast-2.pdf\" target=\"_blank\" rel=\"noopener\">Interview-Untold-Italy-podcast-2.pdf<\/a><\/p>\n<p>&nbsp;<\/p>\n<p><img decoding=\"async\" loading=\"lazy\" class=\"alignnone size-medium wp-image-18548 aligncenter\" src=\"http:\/\/weingut-dona.com\/wp-content\/uploads\/Throneandvine.jpg\" alt=\"\" width=\"294\" height=\"130\" \/><\/p>\n<p style=\"text-align: center;\">Hier noch ein <strong>Bloggerbeitrag zu unserem Weingut und den Ferienwohnungen von Throne and Vine<\/strong> (in englischer Sprache):<\/p>\n<p style=\"text-align: center;\"><a href=\"http:\/\/www.throneandvine.com\/romancing-the-vine-at-weingut-dona\/\" target=\"_blank\" rel=\"noopener\">romancing the vine at weingut dona<\/a><\/p>\n<p>&nbsp;<\/p>\n<p><img decoding=\"async\" loading=\"lazy\" class=\"alignnone size-medium wp-image-18551 aligncenter\" src=\"http:\/\/weingut-dona.com\/wp-content\/uploads\/Winery-Vacation-Logo-260px.png\" alt=\"\" width=\"260\" height=\"133\" \/><\/p>\n<p style=\"text-align: center;\">Wir pflegen eine <strong>Zusammenarbeit mit Winery Vacation<\/strong> (Beitrag in deutscher Sprache):<\/p>\n<p style=\"text-align: center;\"><a href=\"http:\/\/www.winery-vacation.com\/italien\/trentino-suedtirol\/weingut-dona\/\" target=\"_blank\" rel=\"noopener\">www.winery-vacation.com<\/a><\/p>\n<p>[\/vc_column_text][vc_separator type=&#8220;transparent&#8220; up=&#8220;35&#8243; down=&#8220;22&#8243;][vc_single_image image=&#8220;16264&#8243; img_size=&#8220;full&#8220; alignment=&#8220;center&#8220; qode_css_animation=&#8220;element_from_bottom&#8220; transition_delay=&#8220;0.3&#8243;][\/vc_column][\/vc_row]<\/p>\n<\/div>","protected":false},"excerpt":{"rendered":"<p>[vc_row css_animation=&#8220;&#8220; row_type=&#8220;row&#8220; use_row_as_full_screen_section=&#8220;no&#8220; type=&#8220;grid&#8220; angled_section=&#8220;no&#8220; text_align=&#8220;left&#8220; background_image_as_pattern=&#8220;without_pattern&#8220; padding_top=&#8220;87&#8243; padding_bottom=&#8220;34&#8243;][vc_column][vc_column_text] Wein \u2013 ein St\u00fcck Lebenskultur. Nach diesem Grundsatz und mit langj\u00e4hriger Erfahrung pflegt die Familie&#8230;<\/p>\n","protected":false},"author":2,"featured_media":0,"parent":0,"menu_order":0,"comment_status":"closed","ping_status":"closed","template":"","meta":{"footnotes":""},"publishpress_future_action":{"enabled":false,"date":"1970-01-01 01:00:00","action":"","terms":[],"taxonomy":"","browser_timezone_offset":0},"_links":{"self":[{"href":"https:\/\/weingut-dona.com\/prod\/wp-json\/wp\/v2\/pages\/15784"}],"collection":[{"href":"https:\/\/weingut-dona.com\/prod\/wp-json\/wp\/v2\/pages"}],"about":[{"href":"https:\/\/weingut-dona.com\/prod\/wp-json\/wp\/v2\/types\/page"}],"author":[{"embeddable":true,"href":"https:\/\/weingut-dona.com\/prod\/wp-json\/wp\/v2\/users\/2"}],"replies":[{"embeddable":true,"href":"https:\/\/weingut-dona.com\/prod\/wp-json\/wp\/v2\/comments?post=15784"}],"version-history":[{"count":42,"href":"https:\/\/weingut-dona.com\/prod\/wp-json\/wp\/v2\/pages\/15784\/revisions"}],"predecessor-version":[{"id":19009,"href":"https:\/\/weingut-dona.com\/prod\/wp-json\/wp\/v2\/pages\/15784\/revisions\/19009"}],"wp:attachment":[{"href":"https:\/\/weingut-dona.com\/prod\/wp-json\/wp\/v2\/media?parent=15784"}],"curies":[{"name":"wp","href":"https:\/\/api.w.org\/{rel}","templated":true}]}}